6?
1
What is the hundreds digit of 31754?
7
What is the hundreds digit of 27100?
1
What is the units digit of 4680?
0
What is the units digit of 5021?
1
What is the units digit of 453?
3
What is the units digit of 1672?
2
What is the tens digit of 8597?
9
What is the hundreds digit of 118833?
8
What is the tens digit of 3328?
2
What is the units digit of 8271?
1
What is the hundreds digit of 1301?
3
What is the tens digit of 1129?
2
What is the hundreds digit of 620?
6
What is the units digit of 710?
0
What is the tens digit of 9498?
9
What is the units digit of 674?
4
What is the units digit of 1719?
9
What is the thousands digit of 18148?
8
What is the hundreds digit of 966?
9
What is the tens digit of 74408?
0
What is the tens digit of 77?
7
What is the thousands digit of 3365?
3
What is the tens digit of 2841?
4
What is the hundreds digit of 6251?
2
What is the thousands digit of 1194?
1
What is the hundreds digit of 106621?
6
What is the hundreds digit of 17807?
8
What is the units digit of 45278?
8
What is the ten thousands digit of 20043?
2
What is the units digit of 2779?
9
What is the ten thousands digit of 131212?
3
What is the tens digit of 2313?
1
What is the units digit of 68987?
7
What is the hundreds digit of 1640?
6
What is the thousands digit of 1173?
1
What is the thousands digit of 2413?
2
What is the units digit of 13191?
1
What is the thousands digit of 8214?
8
What is the units digit of 1764?
4
What is the thousands digit of 3035?
3
What is the hundreds digit of 9998?
9
What is the tens digit of 8821?
2
What is the units digit of 5927?
7
What is the units digit of 5429?
9
What is the hundreds digit of 8461?
4
What is the thousands digit of 3640?
3
What is the tens digit of 40973?
7
What is the hundreds digit of 37374?
3
What is the tens digit of 18239?
3
What is the units digit of 9?
9
What is the thousands digit of 1289?
1
What is the thousands digit of 59581?
9
What is the hundreds digit of 67788?
7
What is the units digit of 6676?
6
What is the hundred thousands digit of 112922?
1
What is the units digit of 40?
0
What is the units digit of 2111?
1
What is the tens digit of 28881?
8
What is the units digit of 559?
9
What is the units digit of 14813?
3
What is the hundreds digit of 1034?
0
What is the thousands digit of 5647?
5
What is the hundreds digit of 175?
1
What is the units digit of 11783?
3
What is the thousands digit of 1213?
1
What is the tens digit of 240?
4
What is the units digit of 47208?
8
What is the ten thousands digit of 15752?
1
What is the ten thousands digit of 41653?
4
What is the units digit of 548?
8
What is the hundreds digit of 43871?
8
What is the units digit of 121?
1
What is the tens digit of 291?
9
What is the ten thousands digit of 10431?
1
What is the tens digit of 1045?
4
What is the hundreds digit of 16407?
4
What is the units digit of 13669?
9
What is the units digit of 4729?
9
What is the hundreds digit of 6478?
4
What is the thousands digit of 1199?
1
What is the tens digit of 461?
6
What is the ten thousands digit of 109913?
0
What is the hundreds digit of 13259?
2
What is the thousands digit of 53821?
3
What is the hundreds digit of 1959?
9
What is the thousands digit of 26188?
6
What is the tens digit of 8309?
0
What is the units digit of 2442?
2
What is the ten thousands digit of 37858?
3
What is the tens digit of 41179?
7
What is the units digit of 899?
9
What is the hundreds digit of 105529?
5
What is the tens digit of 1189?
8
What is the units digit of 39150?
0
What is the units digit of 11897?
7
What is the tens digit of 25453?
5
What is the units digit of 79426?
6
What is the thousands digit of 1483?
1
What is the thousands digit of 35017?
5
What is the units digit of 9734?
4
What is the hundreds digit of 4186?
1
What is the hundreds digit of 1744?
7
What is the ten thousands digit of 13098?
1
What is the tens digit of 10667?
6
What is the thousands digit of 3437?
3
What is the units digit of 3362?
2
What is the units digit of 14852?
2
What is the hundreds digit of 68858?
8
What is the ten thousands digit of 14922?
1
What is the hundreds digit of 107?
1
What is the tens digit of 2574?
7
What is the thousands digit of 1340?
1
What is the units digit of 12983?
3
What is the thousands digit of 9221?
9
What is the hundreds digit of 360?
3
What is the hundreds digit of 713?
7
What is the ten thousands digit of 10793?
1
What is the hundreds digit of 6068?
0
What is the tens digit of 65213?
1
What is the thousands digit of 8460?
8
What is the tens digit of 73287?
8
What is the ten thousands digit of 10487?
1
What is the tens digit of 73209?
0
What is the thousands digit of 65998?
5
What is the tens digit of 652?
5
What is the units digit of 5886?
6
What is the hundreds digit of 58029?
0
What is the units digit of 33040?
0
What is the tens digit of 882?
8
What is the tens digit of 55229?
2
What is the thousands digit of 21460?
1
What is the units digit of 746?
6
What is the hundreds digit of 3443?
4
What is the tens digit of 47776?
7
What is the hundreds digit of 312?
3
What is the units digit of 4094?
4
What is the tens digit of 5360?
6
What is the tens digit of 127451?
5
What is the tens digit of 3032?
3
What is the ten thousands digit of 148503?
4
What is the hundreds digit of 1581?
5
What is the hundreds digit of 981?
9
What is the units digit of 50451?
1
What is the hundreds digit of 1903?
9
What is the thousands digit of 8013?
8
What is the units digit of 2749?
9
What is the thousands digit of 2514?
2
What is the units digit of 5901?
1
What is the tens digit of 32693?
9
What is the thousands digit of 1193?
1
What is the thousands digit of 1500?
1
What is the units digit of 2601?
1
What is the units digit of 97?
7
What is the thousands digit of 2417?
2
What is the ten thousands digit of 24043?
2
What is the ten thousands digit of 33557?
3
What is the tens digit of 7578?
7
What is the hundreds digit of 91960?
9
What is the hundreds digit of 756?
7
What is the tens digit of 17282?
8
What is the units digit of 4854?
4
What is the thousands digit of 17626?
7
What is the ten thousands digit of 19747?
1
What is the hundreds digit of 89235?
2
What is the tens digit of 9973?
7
What is the tens digit of 8399?
9
What is the hundreds digit of 27483?
4
What is the tens digit of 25073?
7
What is the ten thousands digit of 24280?
2
What is the units digit of 68068?
8
What is the units digit of 844?
4
What is the ten thousands digit of 21498?
2
What is the units digit of 10812?
2
What is the tens digit of 886?
8
What is the units digit of 2151?
1
What is the tens digit of 233?
3
What is the units digit of 1476?
6
What is the hundreds digit of 305?
3
What is the thousands digit of 11318?
1
What is the hundreds digit of 4700?
7
What is the hundreds digit of 26486?
4
What is the units digit of 34883?
3
What is the units digit of 55347?
7
What is the tens digit of 4323?
2
What is the hundreds digit of 1721?
7
What is the units digit of 381?
1
What is the units digit of 1888?
8
What is the thousands digit of 2311?
2
What is the thousands digit of 2261?
2
What is the units digit of 2025?
5
What is the units digit of 341?
1
What is the units digit of 73034?
4
What is the tens digit of 586?
8
What is the thousands digit of 25490?
5
What is the units digit of 1536?
6
What is the hundreds digit of 29077?
0
What is the hundreds digit of 719?
7
What is the units digit of 643?
3
What is the units digit of 827?
7
What is the hundreds digit of 2578?
5
What is the thousands digit of 30932?
0
What is the hundreds digit of 2018?
0
What is the units digit of 24647?
7
What is the hundreds digit of 3120?
1
What is the units digit of 12247?
7
What is the thousands digit of 1735?
1
What is the tens digit of 58?
5
What is the tens digit of 182812?
1
What is the units digit of 1793?
3
What is the tens digit of 10310?
1
What is the thousands digit of 2117?
2
What is the thousands digit of 1231?
1
What is the hundreds digit of 1020?
0
What is the thousands digit of 86295?
6
What is the tens digit of 3617?
1
What is the units digit of 370?
0
What is the thousands digit of 1876?
1
What is the thousands digit of 9399?
9
What is the hundreds digit of 22515?
5
What is the tens digit of 34281?
8
What is the hundreds dig